der when 19*((4 - 0) + 1) is divided by 24.
23
Let j be (-1776)/60*(-10)/4. Calculate the remainder when (-9)/(3/1) + j is divided by 24.
23
Suppose 8 = 4*t, 3*x + 19 = -4*t + 6. Calculate the remainder when -2 - 2 - (x + -28) is divided by 8.
7
Let f(x) = -x**3 - 5*x**2 + 4*x - 3. What is the remainder when 42 is divided by f(-6)?
6
Let t = -67 - -137. Calculate the remainder when t is divided by 18.
16
What is the remainder when 31 is divided by (1 - -23)*21/28?
13
Suppose 0*o + 15 = 3*o. Suppose -2*t - 66 = -o*t. What is the remainder when t is divided by 8?
6
Let i(u) = 19*u**2 - 2*u - 1. Let o be 3/(-15) - 824/(-20). Let n = o + -2. What is the remainder when n is divided by i(-1)?
19
Let u = 26 - 16. Calculate the remainder when 28 is divided by u.
8
Let g = 15 - 10. Suppose -1 = -3*d + g. Suppose -5*n - d*h + 80 = h, 2*h + 16 = 2*n. What is the remainder when 37 is divided by n?
11
Let k(o) = 9*o**3 - o + 2. Let y be k(2). Calculate the remainder when (-8)/20 - y/(-5) is divided by 4.
2
Suppose 0 = -3*m + 4*m + 2, 337 = 3*k - 5*m. Let l = -32 + k. What is the remainder when l is divided by 20?
17
Let t(p) = p**2 + 6*p + 7. Calculate the remainder when 13 is divided by t(-6).
6
Suppose 6*o - 306 = 3*o. What is the remainder when o is divided by 21?
18
Let a be 12/(28/(-16) - -1). Let t = -11 - a. What is the remainder when (-21)/(-2)*4/6 is divided by t?
2
Let g(o) = 4*o**2 - 3*o + 3. Suppose 0*y - y = -2. Suppose y*r - r - 2 = 0. Calculate the remainder when 37 is divided by g(r).
11
Suppose -2*d + 178 = 5*v, -4*v + v - 3*d = -114. Let m = -30 + 42. Calculate the remainder when v is divided by m.
10
Suppose 0 = 14*m - 215 + 75. What is the remainder when 19 is divided by m?
9
Let k = -71 - -107. Let v = -26 + k. Suppose -v = l - 2*l. Calculate the remainder when 19 is divided by l.
9
Let x = 1 + 0. What is the remainder when 4 is divided by (-3*(0 - x))/1?
1
Let v(s) = 2*s**2 + 3*s. Let o be v(-2). Suppose o*w = -3*g - 2, g + 26 = -4*w + 6*g. Calculate the remainder when 143/4 + 3/w is divided by 12.
11
Let z(d) = d**2 + 6*d - 10. Let q be z(-8). Let j = q - 0. What is the remainder when (-1)/(2/(1 - 33)) is divided by j?
4
Let l = 12 + -9. What is the remainder when 4 is divided by l?
1
Let i(q) = -44*q - 7. Calculate the remainder when i(-2) is divided by 17.
13
Let w = 2 - 0. Let n(p) = 5*p + 3. What is the remainder when n(w) is divided by 4?
1
Let j be (-4)/18 + (-21)/27. Let b = j - -4. Suppose -4 = b*u - 58. Calculate the remainder when u is divided by 10.
8
Calculate the remainder when 5/(3/30*(-2)/(-1)) is divided by (-3)/(-6) - (-50)/4.
12
Let x(k) = k**3 + k**2 + k + 31. Suppose 3*z + 0 - 55 = u, 21 = z - u. Calculate the remainder when x(0) is divided by z.
14
Let h(k) = 10*k**2 - 3*k - 1. What is the remainder when 65 is divided by h(2)?
32
Suppose l + 14 = 2*b, l + 8 = -0*l - 4*b. Let p = l + 23. What is the remainder when 20 is divided by p?
9
Let d(o) = -11*o + 24. What is the remainder when d(-4) is divided by 15?
8
Suppose -5*v = -2*v + 3. Let a be v - (-1 - 4 - -1). Suppose c + a*c = 28. Calculate the remainder when 13 is divided by c.
6
Let p(s) = -4*s**3 - 3*s**2 - s + 1. What is the remainder when 90 is divided by p(-2)?
21
Suppose 6 = 4*m - 4*i - 50, 5*m + 2*i - 49 = 0. What is the remainder when 64 is divided by m?
9
Let v(b) = b**3 + 3*b**2 - 5*b - 1. Let l be v(-4). Suppose 0*q = l*q - 135. Calculate the remainder when q is divided by 12.
9
Let h(u) = -u + 3. Let v be 20*(-1 - (-3)/2). Let o(i) = -i**3 + 9*i**2 + 10*i + 3. What is the remainder when h(-4) is divided by o(v)?
1
Let j = 4 - -36. Suppose 0 = 2*b - 4*s + 8, 0 = -b - 4*s - 2 + 4. Calculate the remainder when (b + -1)/(-3) + j is divided by 14.
13
Suppose -14*z + 24 = -10*z. What is the remainder when 15 is divided by z?
3
Let n = -19 + 28. Calculate the remainder when 33 is divided by n.
6
Suppose 0*h - 3*h + 327 = 0. What is the remainder when h is divided by 28?
25
What is the remainder when -3*(-6)/(-63) + (-338)/(-7) is divided by 10?
8
Let t(o) = 3*o + 9. Let h be (-15)/(-2) - 1/(-2). Calculate the remainder when t(h) is divided by 12.
9
Let g(b) = -b**3 - 3*b**2 + 11*b - 18. What is the remainder when g(-9) is divided by 12?
9
Suppose 0 = m + 3*m - 36. Let g be (-316)/(-8) - 1/(-2). Let r = -24 + g. What is the remainder when r is divided by m?
7
Let b = 23 - 64. Let g = b - -11. Let l = g - -50. Calculate the remainder when l is divided by 7.
6
Let l(q) = -6*q + 1. Calculate the remainder when l(-2) is divided by 8.
5
Suppose 2*b - 28 = -4*t - 2*b, -4*b = 5*t - 30. Suppose 7*x - t*x + 14 = 2*d, -4*d - x = -50. What is the remainder when ((-92)/6)/((-2)/3) is divided by d?
11
Suppose -r + 6 = 1. What is the remainder when r/3 + (-4)/(-12) is divided by 2?
0
Let r be 3*-5*6/(-45). Suppose 0*i + 52 = r*i. What is the remainder when i is divided by 14?
12
Let v = 22 + -17. Suppose -v*s + 0 + 25 = 0. Calculate the remainder when 13 is divided by s.
3
Let t(f) = -f**3 - 4*f**2 + 4. Let r be t(-4). Let d(k) = 6*k - 1. What is the remainder when d(r) is divided by 6?
5
Suppose 4*h = -0*y - 5*y + 55, h - 5*y + 5 = 0. Let l = 32 + -74. Calculate the remainder when (-244)/(-14) + l/98 is divided by h.
7
Let h(c) = -2*c + 2 - 4 + 2. Calculate the remainder when 75 is divided by h(-13).
23
Let h(c) = 4*c + 5. Let j be h(5). Let l = -13 + j. Calculate the remainder when 23 is divided by l.
11
Calculate the remainder when (-4)/(4*-1) - -30 is divided by 11.
9
Suppose -5*s + 163 = h, 3*s - s - h = 61. Calculate the remainder when 93 is divided by s.
29
What is the remainder when 466/9 + 4/18 is divided by 18?
16
Suppose 2*x + 63 + 17 = 0. Let v = -16 - x. Calculate the remainder when v is divided by 13.
11
Suppose -l + 3*l = 6. Suppose x = -l*x. Suppose 0 = 3*i - 9, x*k - k + 28 = 4*i. What is the remainder when 46 is divided by k?
14
Let z(i) = 3*i - 3. Let n be z(2). Suppose 13 + 176 = n*a. Calculate the remainder when a is divided by 13.
11
What is the remainder when 14 is divided by 15/(-10) + 14/4 + 6?
6
Let n be (-4)/(-5)*10/4. Suppose 2*f = -n*f + 16. Suppose -5*q + 65 = -3*l - 2*l, -4*q + 84 = f*l. Calculate the remainder when 32 is divided by q.
15
Let g = -1 - 2. Calculate the remainder when 12 is divided by (g - -4)*1*5.
2
Let g(s) = -2*s - 5. Let t be g(-5). Suppose -t*i = -0*i - 95. Calculate the remainder when i is divided by 10.
9
Let y(b) = -26*b**3 + b**2. Let f be y(1). Let d = f - -35. Calculate the remainder when d is divided by (-6)/(-4)*2*1.
1
Let o = 44 - 36. Calculate the remainder when o is divided by 5.
3
Suppose 0 = -4*m + q + 24, 1 = -m - q + 2. Suppose m*b + d - 25 = -2*d, -2*b = d - 9. Suppose -10 = -4*g + b*g. Calculate the remainder when 17 is divided by g.
2
Let k(w) = -w**2 + 2*w + 5. Let f be k(4). Suppose -2*p + 0*p + 10 = 0. What is the remainder when f - -10*6/4 is divided by p?
2
Suppose k - a = 7, 0*k + 3*a = -5*k + 27. Calculate the remainder when 23 is divided by k.
5
Let t be -1*(-3 - (-12)/4). Suppose t = 5*b + 29 - 104. What is the remainder when 57 is divided by b?
12
Let m = 0 - -5. Suppose -m*f + 0*f + 3*k = -80, -48 = -3*f - k. What is the remainder when f is divided by 6?
4
Suppose -5*r - 5*s = 125, 3*r + 2*s + 63 = 5*s. Let z be (13/2)/(1/6). Let m = r + z. Calculate the remainder when 30 is divided by m.
14
Suppose -f = -14 - 1. Calculate the remainder when 52 is divided by f.
7
Calculate the remainder when 2/(-8) + (-1155)/(-28) is divided by 14.
13
Let z(t) = t + 8. Let s be 2/6 - 3/9. Let d = -36 - -50. Calculate the remainder when d is divided by z(s).
6
Let g = 5 + 0. Calculate the remainder when 74 is divided by g/(-4*(-3)/60).
24
Suppose -5*o - 94 = -0*o - 4*n, -114 = 5*o + n. Let z = -17 - o. What is the remainder when 6 is divided by z?
1
Let n be (4/10)/(5/450). Let g = n + -17. Calculate the remainder when 56 is divided by g.
18
Let d(f) = 8*f**3 + f**2 + 5*f. Let c(y) = y. Let i(m) = 5*c(m) - d(m). What is the remainder when 12 is divided by i(-1)?
5
Let z = -57 + 171. What is the remainder when z is divided by 39?
36
Suppose b = 128 - 52. Calculate the remainder when b is divided by 26.
24
Let z(v) = 20*v**2 - v + 1. Let m be z(1). Let b = m - 1. Let h = -8 + b. Calculate the remainder whe